 is the highest common factor of k and 22?
11
Let f = -490 - -436. Let u be 0 + 70/3*f/(-45). Calculate the highest common divisor of u and 105.
7
Let l(u) = -u**3 - 2*u**2 + 9*u + 17. Let i be l(-4). Let z(o) = 5*o**2 + 8*o + 6. Let b be z(-5). Calculate the greatest common divisor of b and i.
13
Let a be 14/4 - 18/12. Calculate the highest common divisor of 62 and a.
2
Let n = -11419 + 11548. What is the highest common divisor of 21 and n?
3
Let r(y) = 36*y + 57. Let h be r(-11). Let g be (-6)/3 - -5 - h. Calculate the highest common divisor of g and 18.
18
Let h(o) = -o**2 + 32*o - 195. Let g be h(23). Calculate the highest common divisor of 1512 and g.
12
Suppose 5*f - 47 = 13. Let l be 5 + 4 + -6 + 16 - (-4)/(-1). Calculate the greatest common factor of l and f.
3
Suppose -8034 = -6*i - 7986. Calculate the greatest common factor of 26 and i.
2
Suppose -16*r + 10*r = -35*r. Suppose -14*g + 1364 + 2164 = r. Calculate the greatest common divisor of 189 and g.
63
Suppose 0 = 63*d - 68*d + 25. Suppose d*s = 4*p + 1187, 14*p = -s + 9*p + 220. What is the highest common factor of 47 and s?
47
Let b = -79 + -27. Let l = b + 130. Let w be 8656/72 - 4/18. What is the highest common divisor of w and l?
24
Let f be (-3 - 3)/((-3)/44). Let b(g) be the third derivative of g**4/12 + 9*g**3/2 - 6*g**2. Let w be b(-8). What is the highest common factor of w and f?
11
Let z = -53 - -97. Let c = 43 - 44. Let n(j) = -109*j + 1. Let a be n(c). What is the greatest common divisor of z and a?
22
Suppose 4*a + 50 - 162 = 0. Let r be (-10)/(-8) + 3567/116. Suppose 3*p - r = w, 4*w + a = 4*p - 12. Calculate the greatest common factor of p and 88.
11
Let b be 364/35 + -10 - (-1132)/20. Calculate the highest common divisor of b and 361.
19
Let g(a) = 83*a - 159. Let h be g(4). Suppose -v + 0*v + 2*k = -166, v + 5*k = h. What is the greatest common divisor of v and 8?
8
Let i = -552 - -896. Let u = -289 + i. Calculate the greatest common factor of u and 121.
11
Let o(k) = k**3 - 8*k**2 - 7*k - 7. Let v be o(9). Let i = -7 + v. Suppose 3*h - i*h + 10 = 0. What is the greatest common factor of h and 25?
5
Let u(y) = 43*y**2 - 3*y - 1. Let r be u(4). Suppose 0 = 13*j - r - 898. Calculate the greatest common divisor of j and 11.
11
Let n be ((-3860)/6)/(280/(-36) + 8). Let o = -1733 - n. Calculate the highest common divisor of 14 and o.
14
Let q be (-95550)/(-28) - 6 - (-5)/2. Calculate the greatest common divisor of 7 and q.
7
Suppose -3*y - 2*i = -1460, -i = -0*y + 4*y - 1955. Let s be 8 + 1 - 3267/(-297). What is the highest common divisor of s and y?
10
Let o = 450 - -1590. Suppose -o = 18*v - 28*v. What is the highest common divisor of v and 72?
12
Let t = 17143 + -9367. Calculate the highest common factor of t and 32.
32
Suppose 15*r - 57*r + 1554 = 0. Let w be (-819)/(-119) + -7 - (-10695)/17. What is the highest common divisor of r and w?
37
Let c be ((-190)/6)/((-4)/20*(-240)/(-144)). Calculate the greatest common divisor of c and 65.
5
Let c = -6386 - -6778. What is the greatest common divisor of c and 833?
49
Let p(x) be the third derivative of -x**6/30 - x**5/60 - x**4/24 - x**3 - 2*x**2 + 26*x. Let c be p(-3). Calculate the highest common factor of 64 and c.
32
Suppose 5*q = -3*l + 762, -q + 89 = -2*l - 66. Calculate the greatest common divisor of q and 68.
17
Let r = 200 + -203. Let i = 32 + r. Calculate the greatest common factor of i and 377.
29
Let h(x) = 4*x**2 - 13*x - 26. Let s be h(8). Suppose 2*b = -5*z - 15 + 62, -2*b = 8. Suppose -s = 2*d - z*d. Calculate the highest common divisor of d and 28.
14
Let s = -2 + 6. Let z(f) = 3*f - 2*f - 13 + 24 - 6. Let m be z(s). Calculate the highest common divisor of 27 and m.
9
Suppose -3*p = 4*u + 2*p - 48, 0 = 2*u - p - 24. Let v(k) = 6*k**2 + 163*k + 338. Let z be v(-2). What is the greatest common factor of z and u?
12
Suppose -4*p + 0*p + 2*a + 500 = 0, 5*p - 603 = -3*a. Suppose j = 2*y + 17, -8*y + 5*y + p = 4*j. Calculate the highest common divisor of j and 837.
27
Suppose -3*c - 48 = -k + 12, 5*c = -20. Suppose 253*p - k = 249*p. What is the highest common factor of 8 and p?
4
Let o be 1815 - 22 - (-21)/(-3). Calculate the highest common factor of 141 and o.
47
Let w = -119 + 203. Let o be 1/(-3 - w/(-27)). Suppose -4*y = -7 - o. Calculate the highest common factor of 2 and y.
2
Suppose 17*u = 21*u + 340. Let n = 123 + u. Let g = n - 36. What is the highest common factor of g and 5?
1
Let w(l) = l**2 + 15*l + 28. Let q be w(-13). Let o be (q/(4 - 0))/(3/36). What is the greatest common divisor of 354 and o?
6
Let v be ((-10544)/(-12) - 3) + -5*10/75. Calculate the highest common divisor of v and 750.
125
Let o be (-1)/((-28)/926) + (-202)/2828. What is the highest common divisor of 1309 and o?
11
Suppose 0 = 170*y - 175*y + 1005. Let s = 207 - y. Calculate the greatest common divisor of 24 and s.
6
Let u(c) = c**2 + 6*c - 34. Let a be u(3). Let z be -93*(a - 68/(-12)). What is the greatest common factor of z and 31?
31
Suppose 2*c = -2*c + 4, 5*g = 4*c - 64. Let a be ((-32)/20)/((g/(-70))/(-3)). Calculate the greatest common divisor of 350 and a.
14
Suppose -2*w + h + 1096 = 0, -4*h = 4*w - 382 - 1846. What is the greatest common divisor of w and 2356?
19
Let b(x) = 47*x + 58*x + 3*x**2 - 16 - 65*x. Let n(k) = -k**2 - 5*k - 8. Let g be n(-6). Let s be b(g). Calculate the greatest common divisor of 3 and s.
3
Let g(b) = 4*b + 28. Let m be g(-4). Let y = -24 + m. Let f be y/30 - (-651)/15. Calculate the highest common divisor of 129 and f.
43
Suppose 0 = -q - 6*q + 2254. Suppose 86*i - q = 79*i. What is the greatest common divisor of i and 345?
23
Suppose -d + q = -5999, 28*d - 11986 = 26*d - q. What is the greatest common factor of 110 and d?
55
Let b be 160/32 - 18/(-2). Suppose 6*t - 6020 = -b*t. What is the highest common factor of 43 and t?
43
Suppose -3*f + 40761 - 8698 = 5*r, 3*r - 19203 = 4*f. Calculate the greatest common divisor of r and 34.
17
Suppose -54*n = 15*n - 966. What is the greatest common divisor of 498 and n?
2
Let m = 968 + -966. What is the greatest common divisor of 25 and m?
1
Suppose 0 = -n + t - 37, 2*n - n = -2*t - 34. Let k be 5/((-10)/n)*24/16. Suppose 4*c = 5*c - k. Calculate the highest common factor of c and 9.
9
Let y = 17283 - 11883. Calculate the highest common factor of 10 and y.
10
Suppose 0*o + 6 = 3*o. Suppose 2*u = -3*u. Suppose u + 20 = 10*w. What is the greatest common divisor of w and o?
2
Suppose 7*i + 3324 = 5*u - 893, -u = 4*i - 811. Calculate the greatest common divisor of 2 and u.
1
Suppose 0 = -0*r - 6*r + 24. Let j be (3 + -3)*(-5 + r). Let a = j - -15. Calculate the highest common factor of 165 and a.
15
Let z = -3410 + 3416. Calculate the highest common factor of z and 2016.
6
Let f = 46202 - 31194. Calculate the highest common divisor of 32 and f.
32
Let q be (-141)/(-47)*1/3. Let z(s) = 85*s - 11. Let v be z(q). What is the highest common divisor of v and 37?
37
Let w(f) = -109*f**3 - 3*f**2 + 5*f + 8. Let n be w(-2). Let m = 867 - n. Calculate the greatest common divisor of 15 and m.
3
Let d be 1107/6*(28 + -8). What is the highest common factor of 270 and d?
90
Let b(r) = -3*r**3 - 5*r**2 + 15*r + 6. Let j be b(-6). Suppose -2*s = -5*h - j, h = s + 35 - 221. Calculate the greatest common factor of s and 14.
14
Suppose -20*c - 89 = -249. What is the highest common factor of c and 7976?
8
Suppose 93 + 251 = u. Let n = u + -109. Suppose n = 4*h - 341. Calculate the greatest common factor of 18 and h.
18
Let c be ((-1)/2)/(8/(-4304)). Let z = c - 181. What is the greatest common factor of z and 22?
22
Let m be (-2)/2 - 0 - -27. Let y(f) = 10*f**2 + 15*f - 4. Let s be y(-5). Let x = s + -106. What is the highest common divisor of x and m?
13
Let m(w) = 59*w + 237. Let a be m(-3). Let l = -67 - -30. Let q = l - -61. What is the highest common divisor of q and a?
12
Let y(d) = -d + 34 - 73 + 72. Let b be y(9). Let c be 5 + -1*(-2 + 1). What is the greatest common factor of c and b?
6
Suppose 0 = -22*k + 4984 - 1002. Calculate the greatest common divisor of 1629 and k.
181
Let l(y) = 6*y**2 - 27*y - 133. Let x be l(14). What is the greatest common divisor of 38 and x?
19
Let w = -162 - -243. Suppose 67*s - 64*s = 135. What is the greatest common facto